, 4*j = -4*z - 300. Let l = j - -85. Calculate the greatest common divisor of 6 and l.
3
Let c(p) = -p**2 + 7*p - 10. Let i be c(4). Suppose i*k = -k. Let g be (34 - k)*((-5)/2 - -3). What is the greatest common factor of 17 and g?
17
Suppose -54*c + 57*c = 726. Calculate the greatest common divisor of c and 3751.
121
Let z(t) = 3*t - 9*t + 1 + 8*t - 4. Let p be z(12). Let f = p - 17. Calculate the highest common factor of 12 and f.
4
Let j be 11 + -1 + 0/2. Suppose 23*l - 20*l = 0. Suppose -2*v + g + 22 = 0, l = 5*v - 0*v + 2*g - 46. Calculate the highest common factor of j and v.
10
Suppose 5*o - 31 = -11. Suppose o*s - 48 = 2*s. Let c(y) = 10*y**2 + y - 6. Let z be c(2). What is the greatest common divisor of s and z?
12
Suppose -43*l + 2*t - 390 = -45*l, -4*t - 225 = -l. Suppose -z - 3*z = -1072. What is the greatest common factor of l and z?
67
Let d = 3 - -13. Suppose -a - 5*z = -4*z - 40, 0 = 4*z - d. Calculate the greatest common divisor of a and 48.
12
Suppose -4*y + 6 = 6. Suppose 5*n - 37 = 4*b - b, 3*b - 3 = y. Suppose u + 2*v = n, -6*u + 3*u + 5*v + 2 = 0. What is the greatest common factor of u and 10?
2
Let r(i) = 8*i**2 - 22*i + 261. Let t(n) = 19*n**2 - 44*n + 520. Let u(s) = -7*r(s) + 3*t(s). Let d be u(-39). Calculate the highest common divisor of 24 and d.
12
Let u(o) = 234*o**3 - o + 1. Let f be u(1). Suppose -16732 + 19886 + 6637 = 693*t - 116335. Calculate the highest common factor of t and f.
26
Suppose -4251 = -31*j - 3631. Calculate the highest common divisor of 595 and j.
5
Suppose g - 2*v = 3*v + 3769, 0 = -4*v - 20. What is the highest common divisor of g and 130?
26
Let s(b) = b**3 - 33*b**2 + 63*b + 217. Let m be s(31). Calculate the greatest common divisor of m and 4061.
31
Suppose 5*a - 5*l = 1145, 5*a - 80*l = -81*l + 1163. What is the highest common factor of 56 and a?
8
Let a be (-31 - (-1 - -3)) + 0 + 0. Let r = 39 + a. Let p(n) = 2*n**2 + 2*n + 7. Let h be p(r). Calculate the greatest common factor of 13 and h.
13
Suppose -8*x + 5*x - 467 = 2*z, -3*z + 320 = -2*x. Let v = x - -410. Calculate the highest common factor of v and 22.
11
Let w(r) be the third derivative of 3*r**6/40 - r**5/60 - 9*r**2. Let v be w(-1). Let n = 14 + v. Calculate the greatest common factor of n and 2.
2
Let n be 23558/4 + (-1)/4*(-60 + 58). What is the greatest common divisor of n and 95?
95
Suppose -8 = 4*b - 8*b. Let s be -38 + 40 + 35*(-2)/(-2). Suppose 0 = 5*l + b - s. Calculate the greatest common factor of 14 and l.
7
Let r(d) = -13*d**2 + 15*d + 38. Let q(z) = -2*z**2 + 1. Let a(c) = 6*q(c) - r(c). Let u be a(-13). What is the greatest common factor of u and 249?
83
Suppose 35 = 51*f - 46*f. Suppose -k = -f*k + 378. Let y(g) = 11*g - 45. Let w be y(6). What is the greatest common divisor of k and w?
21
Let q(s) = s**2 - 35*s + 39. Let l be q(31). Let g be l*((-170)/25 - -6). What is the greatest common divisor of g and 170?
34
Let a = -15645 + 15701. Let o(t) = -t**3 - 7*t**2 - 7*t - 3. Let v be o(-6). Suppose -v*f + 5*f = a. What is the greatest common divisor of f and 224?
28
Suppose 2*m = -423 + 499. Suppose 114 + 76 = m*v. Calculate the highest common factor of v and 80.
5
Let o be ((-10)/8)/1 - (2 - (-29150)/(-88)). Calculate the greatest common factor of o and 128.
8
Let i(o) = 15*o**3 - 15*o**2 + 3*o - 7. Let f be i(4). What is the greatest common divisor of f and 125?
25
Let y be (121/22 - 2/4) + -19. Let h be y*(-5)/10*58 - -1. What is the greatest common divisor of h and 37?
37
Let g = 32 + 20. Suppose -9984 = -g*v + 40*v. What is the highest common factor of 16 and v?
16
Suppose 0 = 2*z + z + 303. Suppose -19*u = -16*u + d + 91, -5*u = 4*d + 161. Let g = u - z. What is the highest common factor of g and 9?
9
Suppose 2*u + 28 = -2*h, 2*u - 7*u + 4*h = 34. Let o be -175*-1*(-4)/u. Suppose k - s = 15, -3*s + 3 = 4*k - 22. Calculate the highest common factor of o and k.
10
Let h(j) = -2*j**3 - 33*j**2 - 23*j - 20. Let w be h(-16). What is the greatest common divisor of 24 and w?
4
Let d be (-3 + -1)/(-4) + (1 - 0). Let b be (d - (2 - -2))*-35. Let j be 14/(1/(-1 + 3)). Calculate the highest common factor of b and j.
14
Suppose 8*n = -w + 202, -3 = -n + 5*w + 53. Suppose 3*l - 1696 = -5*u, -3*u - 3*l + 1024 = 2*l. Calculate the highest common factor of u and n.
26
Suppose 4*b = -8 - 4. Let t(d) = -10*d**3 + 2*d**2 - 4*d - 1. Let v be t(b). Calculate the highest common divisor of v and 13.
13
Suppose 0 = -u, -1033*u + 1034*u = -2*w + 11290. What is the highest common factor of w and 15?
5
Let c(i) = 5*i**2 + 6*i - 5. Let v(m) = m**3 + 5*m**2 - 7*m - 9. Let h be v(-6). Let k be c(h). What is the greatest common divisor of k and 22?
22
Suppose -70*o - 18021 = -181261. What is the greatest common factor of 4 and o?
4
Let y(x) = -93*x - 108. Let s = 684 + -687. Let m be y(s). What is the highest common divisor of 27 and m?
9
Suppose 4*w = -2*k + 17 - 5, -4*k + 4 = -2*w. Let t(c) = -3*c + 18. Let i be t(0). Calculate the greatest common divisor of i and w.
2
Suppose 16*i - 42*i + 2936 + 860 = 0. Calculate the greatest common factor of i and 3869.
73
Suppose -2*m - 2 = -4*p, 2*m - 5*m + 21 = 2*p. Suppose 35*j + 115 = 36*j. What is the highest common divisor of m and j?
5
Suppose -45 = -4*z - 5*h, -12*z + 7*z = -5*h. Suppose -z*m - 11*f + 12*f + 3683 = 0, -2211 = -3*m + f. What is the greatest common divisor of 23 and m?
23
Suppose -3*x = -5*p + 2527, -18*x + 16*x - 28 = 0. Let a be -7*(1 + -2)*1. What is the highest common divisor of a and p?
7
Let z = -38585 + 38882. Let s(g) = 2*g - 1. Let y be s(-1). Let f = 30 + y. What is the greatest common divisor of f and z?
27
Let x(l) = l**3 + 30*l**2 - 2*l + 14. Let n be x(-30). Let a = 43 - 26. Let f = n + a. Calculate the greatest common factor of f and 13.
13
Let g be (-322)/((-40)/(0 + 5) + 4 + 2). Suppose -8*d + 9*d = 69. What is the highest common factor of g and d?
23
Let c be (-57)/4*(-32)/12. Suppose -225 = -k + l, 9 = 5*l - 6. Calculate the highest common divisor of c and k.
38
Let x be (-832)/28 - 2/7. Let v be 24/20*x/(-9). Suppose 4*k = -v*q + 100, 2*k + k - 71 = -2*q. What is the greatest common divisor of k and 3?
3
Let g(i) = -23*i**2 + 1122*i + 68. Let v be g(34). Calculate the highest common divisor of 304 and v.
76
Let c be 14812 + (-9)/90*0. What is the highest common factor of c and 92?
92
Let x = 177 - 173. Let z = x - -2. What is the highest common factor of z and 30?
6
Suppose -102 = -4*z + 78. Let n be 0 + 7 - (-3)/9*-6. Calculate the greatest common divisor of n and z.
5
Suppose -5*p = 2*v + v + 23, 0 = 5*p + 2*v + 27. Let u = -4 - p. Suppose -b - 3*a + 28 = a, 0 = -b + a + u. Calculate the highest common factor of b and 40.
8
Let q = 677 + -651. Calculate the greatest common divisor of 13 and q.
13
Suppose -22*l + 28*l = -59*l + 262665. What is the greatest common factor of 9 and l?
9
Suppose 4*v - 20 = -4*c - 0*v, 0 = -2*c + 2*v + 10. Suppose 69 = -c*h + 84. Let k be (198 - h) + 6/(-2). Calculate the highest common factor of k and 24.
24
Let h be 1 + 3 - (2 - 17/(-1)). Let t = h - -51. Let o be 362/5 + (-8)/20. Calculate the greatest common divisor of t and o.
36
Let m = 0 - -2. Let t(i) = i**2 - 2*i - 31. Let u be t(7). Let h be (6 - m)/(u/18). What is the highest common divisor of 6 and h?
6
Let t = 42 + -29. Suppose -42*k + 44*k = -76. Let w = k + 51. Calculate the greatest common factor of t and w.
13
Suppose 0 = 6*f - 5*f - 2. Suppose -f*l = -6 + 2. Suppose -r = 5*s - 432 - 837, 0 = l*r - 8. What is the greatest common factor of 23 and s?
23
Suppose -44*c - 3024 = -17368. Calculate the highest common factor of 18093 and c.
163
Suppose 3*y - 38*z - 144 = -42*z, -3*y + 117 = z. Suppose 2*x = -8, x - 8 = -2*u + 4. Calculate the greatest common divisor of y and u.
4
Let z = 29 + -28. Let y be -305*z*7/7. Let f = y + 690. Calculate the greatest common divisor of 35 and f.
35
Suppose -6*g + 139 - 763 = 0. Let m = g - -44. Let i = 31 - m. What is the greatest common divisor of 26 and i?
13
Let a(z) = 13*z - 8066*z**2 + 8067*z**2 - 33 - z. Let m be (-1)/1*1 + -14. Let x be a(m). Calculate the greatest common divisor of x and 6.
6
Let i be (-471)/(-6)*(3 + 9). Let k be -1 - i/(-16) - 2/(-16). What is the greatest common factor of k and 2?
2
Suppose -64